when 19719201 is divided by 3925.
1
What is the remainder when 1493846561 is divided by 15?
11
What is the remainder when 52668397 is divided by 98815?
2
Calculate the remainder when 1210596 is divided by 1210263.
333
What is the remainder when 681886 is divided by 52437?
205
Calculate the remainder when 298125 is divided by 2405.
2310
What is the remainder when 1339071 is divided by 70?
41
Calculate the remainder when 4867689 is divided by 67.
5
What is the remainder when 90751 is divided by 383?
363
Calculate the remainder when 62291998 is divided by 716.
714
What is the remainder when 156510 is divided by 905?
850
Calculate the remainder when 6286771 is divided by 112.
99
What is the remainder when 2749910 is divided by 28?
2
Calculate the remainder when 2258540 is divided by 135.
125
What is the remainder when 396357 is divided by 268?
253
What is the remainder when 289635 is divided by 2001?
1491
Calculate the remainder when 20785029 is divided by 597.
474
What is the remainder when 2893875 is divided by 6?
3
Calculate the remainder when 4092547 is divided by 163701.
22
What is the remainder when 128806033 is divided by 14?
13
Calculate the remainder when 16637 is divided by 4873.
2018
Calculate the remainder when 74322 is divided by 8257.
9
What is the remainder when 2170988 is divided by 214?
172
What is the remainder when 17778368 is divided by 76302?
2
Calculate the remainder when 3730957 is divided by 27.
16
Calculate the remainder when 150307 is divided by 75105.
97
What is the remainder when 33186398 is divided by 52?
50
What is the remainder when 17989 is divided by 8038?
1913
What is the remainder when 484884 is divided by 4252?
156
Calculate the remainder when 167018036 is divided by 1910.
1906
What is the remainder when 12561724 is divided by 327?
19
Calculate the remainder when 76313641 is divided by 18815.
1
Calculate the remainder when 53576707 is divided by 12.
7
Calculate the remainder when 359718 is divided by 276.
90
Calculate the remainder when 813530 is divided by 38739.
11
Calculate the remainder when 4465905 is divided by 78349.
12
What is the remainder when 16494429 is divided by 12737?
14
What is the remainder when 12356966 is divided by 59?
6
What is the remainder when 25824935 is divided by 3394?
3383
Calculate the remainder when 10422 is divided by 3320.
462
What is the remainder when 7819080 is divided by 36?
24
What is the remainder when 74416 is divided by 12266?
820
Calculate the remainder when 276947 is divided by 6153.
62
What is the remainder when 11871 is divided by 472?
71
Calculate the remainder when 1584488 is divided by 105628.
68
Calculate the remainder when 17302729 is divided by 2471803.
108
What is the remainder when 59447387 is divided by 637?
636
What is the remainder when 14417632 is divided by 3974?
3934
What is the remainder when 1721573 is divided by 156503?
40
What is the remainder when 3207238 is divided by 2725?
2638
What is the remainder when 2114279 is divided by 1056338?
1603
Calculate the remainder when 5070831 is divided by 104.
103
Calculate the remainder when 17537098 is divided by 700.
698
Calculate the remainder when 2431 is divided by 469.
86
What is the remainder when 569725750 is divided by 2678?
2674
What is the remainder when 56647 is divided by 18668?
643
What is the remainder when 36252 is divided by 12081?
9
Calculate the remainder when 571483 is divided by 63483.
136
Calculate the remainder when 31261206 is divided by 589834.
4
What is the remainder when 3287626 is divided by 19?
18
Calculate the remainder when 57265 is divided by 1815.
1000
Calculate the remainder when 20196 is divided by 3917.
611
What is the remainder when 531219 is divided by 2036?
1859
What is the remainder when 328106 is divided by 108577?
2375
Calculate the remainder when 9746536 is divided by 3455.
3436
Calculate the remainder when 5247619 is divided by 45.
34
Calculate the remainder when 42448 is divided by 3118.
1914
What is the remainder when 17267 is divided by 2384?
579
Calculate the remainder when 1517157 is divided by 13005.
8577
Calculate the remainder when 33309364 is divided by 2805.
2794
Calculate the remainder when 558919871 is divided by 3772.
3771
Calculate the remainder when 14007469 is divided by 403.
398
What is the remainder when 14447 is divided by 3194?
1671
Calculate the remainder when 58174 is divided by 1125.
799
Calculate the remainder when 22159235 is divided by 204.
143
Calculate the remainder when 57539425 is divided by 1856109.
46
Calculate the remainder when 22461699 is divided by 155.
29
What is the remainder when 3951080 is divided by 4531?
48
What is the remainder when 70819 is divided by 7867?
16
What is the remainder when 5674120 is divided by 87?
67
What is the remainder when 870005 is divided by 173552?
2245
Calculate the remainder when 3003979 is divided by 1004.
11
Calculate the remainder when 4892073 is divided by 12.
9
Calculate the remainder when 2305991 is divided by 1743.
2
Calculate the remainder when 596909 is divided by 4389.
5
What is the remainder when 37860969 is divided by 789?
15
Calculate the remainder when 409162 is divided by 337.
44
What is the remainder when 788229 is divided by 194?
7
What is the remainder when 461002 is divided by 102?
64
What is the remainder when 17314271 is divided by 384761?
26
Calculate the remainder when 1439226929 is divided by 5430.
5429
Calculate the remainder when 9274154 is divided by 71.
63
What is the remainder when 18982373 is divided by 31221?
5
What is the remainder when 13708 is divided by 521?
162
What is the remainder when 1098513 is divided by 198?
9
What is the remainder when 1574843 is divided by 38?
9
Calculate the remainder when 18100607 is divided by 590.
587
Calculate the remainder when 1448953 is divided by 362200.
153
Calculate the remainder when 15140528 is divided by 56.
32
What is the remainder when 13940754 is divided by 772?
750
What is the remainder when 18179460 is divided by 1381?
1357
What is the remainder when 5647034 is divided by 1136?
1114
Calculate the remainder when 282088 is divided by 12821.
26
Calculate the remainder when 93213 is divided by 49.
15
Calculate the remainder when 2027089 is divided by 675354.
1027
Calculate the remainder when 1243592 is divided by 612.
8
What is the remainder when 342402178 is divided by 719?
717
Calculate the remainder when 95569440 is divided by 1649.
1645
What is the remainder when 433245 is divided by 108303?
33
What is the remainder when 4647037 is divided by 580852?
221
Calculate the remainder when 1859790 is divided by 619928.
6
What is the remainder when 6153797 is divided by 116?
113
What is the remainder when 8478826 is divided by 2826274?
4
What is the remainder when 17109 is divided by 877?
446
Calculate the remainder when 21546565 is divided by 15.
10
What is the remainder when 284552 is divided by 857?
28
Calculate the remainder when 798929 is divided by 3462.
2669
What is the remainder when 27471367 is divided by 13735609?
149
What is the remainder when 31677 is divided by 2731?
1636
Calculate the remainder when 17816757 is divided by 470.
467
Calculate the remainder when 157728534 is divided by 345139.
11
What is the remainder when 1600202 is divided by 40005?
2
Calculate the remainder when 880020511 is divided by 5945.
5941
What is the remainder when 180322390 is divided by 428?
426
Calculate the remainder when 1557346 is divided by 201.
199
What is the remainder when 121551 is divided by 30374?
55
Calculate the remainder when 1521370 is divided by 168995.
415
Calculate the remainder when 195 is divided by 27.
6
Calculate the remainder when 7259887 is divided by 1814969.
11
What is the remainder when 3465660 is divided by 1155217?
9
What is the remainder when 974902 is divided by 64989?
67
What is the remainder when 20172740 is divided by 11139?
11
Calculate the remainder when 2563103 is divided by 284788.
11
Calculate the remainder when 187867148 is divided by 144.
140
Calculate the remainder when 17207472 is divided by 108223.
15
What is the remainder when 10876091 is divided by 73?
40
What is the remainder when 90406 is divided by 5599?
822
What is the remainder when 644521 is divided by 1831?
9
Calculate the remainder wh